Calculate the remainder when 83 is divided by 21.
20
What is the remainder when 418 is divided by 10?
8
Calculate the remainder when 156 is divided by 42.
30
Calculate the remainder when 10139 is divided by 63.
59
Calculate the remainder when 25 is divided by 7.
4
What is the remainder when 276 is divided by 40?
36
What is the remainder when 120 is divided by 18?
12
Calculate the remainder when 1475 is divided by 688.
99
What is the remainder when 4120 is divided by 319?
292
What is the remainder when 493 is divided by 67?
24
Calculate the remainder when 12178 is divided by 42.
40
What is the remainder when 4135 is divided by 25?
10
What is the remainder when 217 is divided by 10?
7
What is the remainder when 113 is divided by 60?
53
What is the remainder when 3832 is divided by 956?
8
What is the remainder when 288 is divided by 58?
56
Calculate the remainder when 43 is divided by 43.
0
Calculate the remainder when 448 is divided by 94.
72
What is the remainder when 453 is divided by 71?
27
What is the remainder when 77 is divided by 52?
25
What is the remainder when 945 is divided by 37?
20
What is the remainder when 567 is divided by 115?
107
Calculate the remainder when 696 is divided by 340.
16
What is the remainder when 76 is divided by 23?
7
What is the remainder when 434 is divided by 19?
16
What is the remainder when 3823 is divided by 16?
15
Calculate the remainder when 333 is divided by 48.
45
What is the remainder when 5800 is divided by 96?
40
Calculate the remainder when 604 is divided by 6.
4
What is the remainder when 312 is divided by 21?
18
Calculate the remainder when 125 is divided by 21.
20
What is the remainder when 227 is divided by 113?
1
What is the remainder when 317 is divided by 65?
57
What is the remainder when 455 is divided by 27?
23
Calculate the remainder when 367 is divided by 62.
57
What is the remainder when 227 is divided by 57?
56
Calculate the remainder when 237 is divided by 15.
12
Calculate the remainder when 10322 is divided by 31.
30
Calculate the remainder when 29 is divided by 8.
5
Calculate the remainder when 167 is divided by 8.
7
What is the remainder when 348 is divided by 21?
12
What is the remainder when 1518 is divided by 20?
18
Calculate the remainder when 4451 is divided by 21.
20
Calculate the remainder when 4624 is divided by 18.
16
Calculate the remainder when 27335 is divided by 51.
50
What is the remainder when 4180 is divided by 51?
49
What is the remainder when 426 is divided by 43?
39
Calculate the remainder when 8538 is divided by 39.
36
Calculate the remainder when 301 is divided by 5.
1
What is the remainder when 3954 is divided by 55?
49
What is the remainder when 199 is divided by 16?
7
Calculate the remainder when 96 is divided by 24.
0
Calculate the remainder when 42715 is divided by 17.
11
Calculate the remainder when 50 is divided by 15.
5
What is the remainder when 15568 is divided by 173?
171
What is the remainder when 33 is divided by 9?
6
Calculate the remainder when 21839 is divided by 280.
279
Calculate the remainder when 202 is divided by 93.
16
What is the remainder when 153 is divided by 11?
10
What is the remainder when 1037 is divided by 26?
23
Calculate the remainder when 655 is divided by 27.
7
Calculate the remainder when 756 is divided by 250.
6
What is the remainder when 15177 is divided by 10?
7
Calculate the remainder when 1179 is divided by 10.
9
What is the remainder when 96 is divided by 13?
5
What is the remainder when 2241 is divided by 34?
31
What is the remainder when 642 is divided by 14?
12
What is the remainder when 113 is divided by 34?
11
Calculate the remainder when 871 is divided by 164.
51
Calculate the remainder when 990 is divided by 987.
3
Calculate the remainder when 4124 is divided by 12.
8
What is the remainder when 1845 is divided by 168?
165
Calculate the remainder when 76 is divided by 27.
22
Calculate the remainder when 40 is divided by 26.
14
What is the remainder when 129 is divided by 37?
18
Calculate the remainder when 146 is divided by 22.
14
Calculate the remainder when 1033 is divided by 37.
34
Calculate the remainder when 4624 is divided by 1152.
16
What is the remainder when 456 is divided by 27?
24
Calculate the remainder when 117 is divided by 31.
24
Calculate the remainder when 1470 is divided by 211.
204
Calculate the remainder when 725 is divided by 28.
25
Calculate the remainder when 1213 is divided by 24.
13
What is the remainder when 698 is divided by 60?
38
What is the remainder when 1889 is divided by 26?
17
Calculate the remainder when 3376 is divided by 52.
48
Calculate the remainder when 197 is divided by 118.
79
What is the remainder when 106 is divided by 44?
18
What is the remainder when 432 is divided by 5?
2
Calculate the remainder when 99 is divided by 85.
14
What is the remainder when 891 is divided by 141?
45
What is the remainder when 14988 is divided by 57?
54
What is the remainder when 14 is divided by 4?
2
What is the remainder when 1361 is divided by 31?
28
What is the remainder when 1004 is divided by 19?
16
What is the remainder when 45 is divided by 37?
8
What is the remainder when 103 is divided by 19?
8
What is the remainder when 628 is divided by 30?
28
Calculate the remainder when 383 is divided by 233.
150
Calculate the remainder when 62 is divided by 9.
8
Calculate the remainder when 72 is divided by 38.
34
Calculate the remainder when 132 is divided by 85.
47
What is the remainder when 6645 is divided by 12?
9
Calculate the remainder when 186 is divided by 17.
16
What is the remainder when 72 is divided by 19?
15
Calculate the remainder when 693 is divided by 24.
21
What is the remainder when 280 is divided by 57?
52
What is the remainder when 2555 is divided by 36?
35
What is the remainder when 38 is divided by 13?
12
What is the remainder when 680 is divided by 114?
110
Calculate the remainder when 160 is divided by 55.
50
What is the remainder when 571 is divided by 116?
107
Calculate the remainder when 469 is divided by 19.
13
Calculate the remainder when 15524 is divided by 14.
12
Calculate the remainder when 6879 is divided by 10.
9
What is the remainder when 4994 is divided by 36?
26
Calculate the remainder when 1691 is divided by 18.
17
What is the remainder when 426 is divided by 108?
102
Calculate the remainder when 167 is divided by 92.
75
What is the remainder when 86 is divided by 13?
8
Calculate the remainder when 558 is divided by 191.
176
What is the remainder when 788 is divided by 23?
6
Calculate the remainder when 6552 is divided by 2182.
6
What is the remainder when 259 is divided by 65?
64
What is the remainder when 234 is divided by 109?
16
What is the remainder when 406 is divided by 80?
6
What is the remainder when 2697 is divided by 50?
47
Calculate the remainder when 50 is divided by 40.
10
What is the remainder when 320 is divided by 46?
44
What is the remainder when 9683 is divided by 269?
268
What is the remainder when 193 is divided by 50?
43
Calculate the remainder when 341 is divided by 49.
47
Calculate the remainder when 142 is divided by 18.
16
Calculate the remainder when 3 is divided by 2.
1
What is the remainder when 110 is divided by 12?
2
What is the remainder when 1130 is divided by 18?
14
What is the remainder when 30 is divided by 22?
8
Calculate the remainder when 1199 is divided by 14.
9
Calculate the remainder when 2054 is divided by 21.
17
What is the remainder when 1729 is divided by 31?
24
Calculate the remainder when 154 is divided by 39.
37
Calculate the remainder when 685 is divided by 7.
6
What is the remainder when 263 is divided by 68?
59
Calculate the remainder when 889 is divided by 27.
25
What is the remainder when 154 is divided by 41?
31
Calculate the remainder when 383 is divided by 48.
47
What is the remainder when 67 is divided by 9?
4
Calculate the remainder when 731 is divided by 16.
11
What is the remainder when 150 is divided by 78?
72
What is the remainder when 111 is divided by 27?
3
What is the remainder when 1327 is divided by 53?
2
Calculate the remainder when 53902 is divided by 21.
16
What is the remainder when 4355 is divided by 22?
21
Calculate the remainder when 938 is divided by 16.
10
Calculate the remaind